uppose v = -21*a - 8*a + 108721. Is a composite?
True
Suppose -56*w = -49*w - 14. Is w + 2/(-16)*102*-668 a prime number?
False
Let w = 275 + -243. Suppose 2*h - p = 8127, 5*h - 20311 = -w*p + 28*p. Is h a prime number?
False
Suppose -6*b = -42134 - 8932. Is b a composite number?
True
Suppose 0 = -364*u + 63621773 - 8683617. Is u a prime number?
True
Suppose 3268 = d + 3*p, -5*d - 6*p + 16275 = -4*p. Suppose 2103 + 3662 = 5*x. Suppose 5*o + 5375 + x = 2*s, 3*o = -s + d. Is s prime?
True
Let j(i) = 105*i - 55. Let d(p) = 35*p - 18. Let c(b) = 11*d(b) - 4*j(b). Let t = -203 - -196. Is c(t) a composite number?
True
Let o = -293734 - -794903. Is o a composite number?
True
Let q = 194810 + 126767. Is q a composite number?
False
Suppose 3*k = -3*o + 36675, 4822 = k + 5*o - 7387. Is k a prime number?
False
Let z(v) = -181*v - 54. Let m(n) = -4*n**2 - 7*n - 5. Let q(g) = 5*g**2 + 8*g + 4. Let l(s) = 4*m(s) + 3*q(s). Let c be l(-6). Is z(c) composite?
True
Suppose -1970 = -19*n + 7416. Let p(y) = -31*y + 4. Let a be p(-9). Let t = n - a. Is t composite?
False
Let v(z) = -36*z**3 + 2*z**2 + 20*z + 1. Let u be v(-8). Let q = u + -7850. Is q a prime number?
False
Suppose -2*m + 12604 = 2*m. Let p = -1958 + m. Is p prime?
True
Let x(h) be the second derivative of 139*h**5/20 + h**4/4 - h**3/3 + 3*h**2/2 - 2*h. Is x(4) a composite number?
True
Let w = -5 - -11. Suppose -x = -2*i - 5*x + 1908, 5*i - 2*x = 4734. Suppose -w*k - i = -2934. Is k a prime number?
True
Let n(i) = 6*i**2 + 6*i + 79. Let o = 45 - 34. Is n(o) a prime number?
False
Let o = 26280 + -13865. Suppose 7*g = 65678 - o. Is g prime?
False
Suppose -5*t - 100*t = 87*t - 21216192. Is t prime?
True
Let q(w) = -10*w**3 + 4*w**2 - 11*w + 22. Let s(d) = d**3 - d**2 + d - 1. Let f(g) = q(g) + 6*s(g). Is f(-6) a composite number?
True
Let k = 8595 - 16596. Is k/(-6)*(-20)/(-30) a prime number?
False
Suppose -4*u = -5*t - 0*u + 5, 4*t = 2*u + 10. Suppose -5*a - 5306 = -3*f + 3148, -2*f + t*a = -5641. Is f a composite number?
True
Let a = 463048 + 220153. Is a prime?
True
Let a(d) = -10*d**2 + 179*d - 32. Let w be a(23). Is (-4)/2 + -1*(w - -4) a composite number?
True
Suppose k + 0 = 10. Suppose -9*g + k*g - 3369 = 0. Is g prime?
False
Suppose -p = 4*w - 440 - 543, 0 = -4*w + 28. Let v(j) = -j**2 - j. Let b be v(0). Suppose b = 2*m - 2811 - p. Is m a prime number?
False
Let z(o) = -11*o - 26. Let x be z(-12). Suppose 2*m + 2*h = -766, -4*h - x = m + 271. Let r = m + 572. Is r prime?
False
Let u = 1226 + 1065. Suppose g - u - 1698 = 0. Is g composite?
False
Let t be 0*(7/(-2) - -4) - -2. Suppose t*n + 9*w = 7*w + 30358, -4 = -4*w. Is n a composite number?
True
Suppose -2*d = 4*l - 167082, 3*l + 51861 = -3*d + 177171. Is l prime?
True
Let v(m) = -174*m + 62. Let c be v(-7). Suppose 5*n = -4*k + 6*n + 2562, 2*k = n + c. Is k prime?
True
Let z be -2 + (0/8 - -6). Suppose 5*b - 3*m - 39344 = 0, -b - z*m = -m - 7858. Is b a prime number?
True
Let p(l) = -3*l**2 + 2*l - l**3 - l - 6 + l + 0*l. Let i be p(-4). Suppose -4*m = -q + 800 - 295, -i*q + 5*m = -1010. Is q prime?
False
Let j(i) = 15*i**2 + 18*i - 24. Let g(f) = -29*f**2 - 38*f + 49. Let b(v) = -3*g(v) - 5*j(v). Is b(17) prime?
False
Let m(x) = 24*x**2 - 37*x**2 + 19*x**2 - 3*x. Let q be m(1). Suppose 0 = q*u - 3*j - 1752, 1770 = 2*u + u + 3*j. Is u composite?
False
Let u(j) = -402*j + 27. Let b be u(-12). Let i be b/(-6) + (-6)/(-12). Let p = 1337 + i. Is p a composite number?
True
Suppose 2*y = -p + 55, 3*p + 21 = y - 10. Let n = y - -121. Is n prime?
True
Let s(l) = 377204*l + 707. Is s(1) composite?
False
Let h = 146 - 137. Suppose -h*p + 3456 = 891. Suppose -3*o - 2*u + p = -170, -3*o - u = -460. Is o composite?
True
Let o(g) = 2*g**3 - 200*g**2 - 360*g + 229. Is o(105) a composite number?
False
Let m(v) = -v**3 + 7*v**2 - v - 16. Let k be m(8). Let a = k - -89. Is -1006*(4/8 - a) a composite number?
False
Let n(a) = -3*a + 56. Suppose -5*f - 21 = -111. Let v be n(f). Suppose -v*s + p = -45 - 348, -4*p + 368 = 2*s. Is s composite?
True
Suppose 6 = t + 3*a, 2*t + 5*a = -0*t + 14. Suppose -t = -4*y, 6*z = 2*z - 4*y + 24. Suppose -2*j + j = 3*g - 1925, 3*g + z*j = 1929. Is g a composite number?
False
Let q = 1315 + -574. Suppose 5163 = -3*y - q. Let h = 3917 + y. Is h a prime number?
True
Is ((-10)/4 + (-15637970)/60)*24/(-16) prime?
True
Let l(w) = 2034*w**3 - 3*w**2 - 23*w + 101. Is l(6) a composite number?
False
Let f(j) = 2*j**3 - 12*j**2 + j - 9. Let k be f(6). Let v be (k - (-7)/((-28)/(-584)))*47. Let y = -3612 + v. Is y prime?
True
Suppose -3*y - 2*y = -260855. Let q = y + -13629. Is (-2)/6 + q/21 a prime number?
False
Suppose -50*c + 481520 + 200530 = 0. Is c composite?
True
Suppose -x - z + 4 = 0, -4 = -x - 2*z + 5*z. Suppose -t + 5207 = x*p, 5*t + 3*p = 14535 + 11449. Is t a composite number?
True
Let f = 10896 + -5669. Is f prime?
True
Let m(o) = 1954*o - 16695. Is m(29) a composite number?
False
Suppose 2*n + 250 = 5*b, n - 5*n = -3*b + 136. Suppose 0 = -5*f + 3*f - b. Is f*(4 + (-75)/2) prime?
False
Suppose 10*y + 160 = -0*y. Let g = y - -19. Suppose -2*u - 6447 = -3*w, g*u + 10745 = 5*w + 8*u. Is w a composite number?
True
Let j(m) = 801*m**3 - 20*m**2 + 36*m - 8. Is j(5) a composite number?
True
Let a(j) = -378*j + 2. Let v(q) = -379*q + 2. Let d(n) = -4*a(n) + 3*v(n). Let k be d(1). Suppose 0 = 14*t - 13*t - k. Is t a prime number?
True
Let a be 0 - -3 - 105/15. Let y(v) = -905*v - 7. Let w be y(a). Suppose -3*l + 3588 = 4*x - x, 2*l = 3*x - w. Is x prime?
True
Is 50269 + (-13)/((-130)/100) a prime number?
False
Let x(u) = -2235*u**3 + 8*u**2 + 21*u + 11. Is x(-4) a composite number?
True
Let c = 37 - 39. Let a be c + -2*2198/4. Let w = a + 2758. Is w composite?
False
Let d(s) = s**3 - 5*s**2 + 5. Suppose -5*y + 23 = i, y - 2*i = 4*y - 11. Let f be d(y). Is 0/1 + (f - -634) + 2 composite?
False
Suppose -103*n + 87*n + 665072 = 0. Is n a prime number?
False
Suppose -4*t = 10 - 38. Suppose -t*w + 50 = -125. Is w composite?
True
Let d(s) = -271*s**2 - 16*s - 16. Let i be d(-7). Let p = 18846 + i. Is p a prime number?
False
Suppose -15*y + 1900651 = -14*y + 16*y. Is y composite?
True
Suppose 11*x = -8*x + 5*x + 167482. Is x a prime number?
False
Suppose 215*b - 23408671 = 72*b. Is b a prime number?
True
Suppose 102*a = 110*a - 12336. Let q = a + -963. Is q composite?
True
Suppose 0 = -15*x + 2768 + 25567. Is x prime?
True
Let m be 596/(-36) + 4/(-9). Let c = m + 16. Is -26*(-1 + c) + 1 prime?
True
Let z(t) = t**3 + 11*t**2 - 13*t - 9. Let m be z(-12). Suppose 0 = m*r - r - 8. Suppose -17 - 7779 = -r*s. Is s prime?
True
Let b = -71911 - -103268. Is b a composite number?
False
Suppose 0 = -7*t + 58*t + 8*t - 8716247. Is t prime?
False
Let q(x) = 31*x**3 + 340*x - 1668. Is q(5) a composite number?
False
Let z(n) = 5*n**3 - 3*n**2 + n + 6. Let p(r) = 10*r**3 - 7*r**2 + 2*r + 13. Let f(g) = 6*p(g) - 14*z(g). Let b be f(-2). Let o = b + -43. Is o a prime number?
False
Suppose -5287 - 18969 = 4*m. Let q be -7*m/84*-9. Is (-4)/(-6) - 0 - q/36 a composite number?
False
Let y(d) = -3*d**3 - 4*d**2 + 5. Let f(q) = 5*q**3 + 7*q**2 - q - 11. Let u(z) = 4*f(z) + 9*y(z). Let m = -4 + -2. Is u(m) prime?
True
Is 2/(48/528756)*2 a composite number?
True
Suppose 36*d - 26*d + 1648471 = 21*d. Is d a prime number?
True
Let x = 593 + -583. Is x/50 - 20588/(-10) a prime number?
False
Let t(b) = b**3 + 34*b**2 - 6*b - 41. Let i = -310 - -276. Is t(i) a prime number?
True
Let o(s) = -1743*s + 298. Is o(-23) a prime number?
True
Let x be -1069 - (0/(-2) + 1 + -1). Suppose 2*a + 1723 = -2939. Let r = x - a. Is r a prime number?
False
Let v(z) = 1000*z**2 + 54*z - 39. Is v(-14) a prime number?
False
Let q = -45259 - -73552. Is q composite?
True
Let d = -4735 + 10716. Is d prime?
True
Is (-2)/((8/(-857796))/1) a prime number?
False
Let w(k) = 18*k**2 - 5*k - 1. Let d(r) = -3*r**3 + 9*r**2 + 4*r - 16. Let u be d(3). Is w(u) a prime number?
True
Suppose 0 = -5*h + 4*h - 2*c - 6, 3*h + 18 = c. Let w be (2/(-3))/(4/h). Is w/(-6 - -1) + (-1008)/(-15) a prime number?
True
Suppose 0 = 10*o - 7*o - 12. Let q = -1 + o. Suppose m - 8 = 5*m, -q*r + 4*m = -299. Is r a composite number?
False
Let d(f) = 572*f**2 + 3*f + 2. Let z be (-90)/135*(-1 - 11*1). Suppose -z*a + 5 - 1